{"id":24,"date":"2015-04-18T21:22:47","date_gmt":"2015-04-19T00:22:47","guid":{"rendered":"http:\/\/umluxodeviagem.tempsite.ws\/?page_id=24"},"modified":"2022-02-14T15:46:26","modified_gmt":"2022-02-14T18:46:26","slug":"quem-sou-eu","status":"publish","type":"page","link":"https:\/\/umluxodeviagem.com.br\/?page_id=24","title":{"rendered":"Quem sou"},"content":{"rendered":"\n<p> &#8220;Brasileira, paulistana e jornalista. Apaixonada por viagens e por experi\u00eancias transformadoras. Viajo o mundo \u00e0 procura de novas descobertas, sempre na expectativa de melhorar como ser humano e expandir a minha alma para o melhor. Acredito no rigor jornal\u00edstico para assegurar informa\u00e7\u00f5es corretas e conte\u00fado de qualidade. Com experi\u00eancia em alguns dos principais ve\u00edculos de m\u00eddia impressa do pa\u00eds, sigo, agora, em carreira solo. Excelentes relacionamentos no segmento, muita experi\u00eancia com o trade e com p\u00fablico final me ajudaram na idealiza\u00e7\u00e3o deste site. O que cada viajante deseja e procura? Esse \u00e9 o meu foco principal&#8221;. <\/p>\n\n\n\n<p>M\u00e1rcia&nbsp;Santos<br \/>Editora-Chefe <\/p>\n","protected":false},"excerpt":{"rendered":"<p><b>M\u00e1rcia Santos<\/b><br \/>\nImposs\u00edvel pensar na minha vida sem pensar na profiss\u00e3o que escolhi aos 12 anos de idade: a de  Jornalista. Paulistana, formada em comunica\u00e7\u00e3o social, investigativa por natureza e apaixonada por viagens, penso que viajar \u00e9 expandir a alma, \u00e9 encontrar o Eu Divino, \u00e9 ter liberdade&#8230;<\/p>\n","protected":false},"author":1,"featured_media":899,"parent":0,"menu_order":0,"comment_status":"closed","ping_status":"closed","template":"","meta":[],"yoast_head":"<!-- This site is optimized with the Yoast SEO plugin v19.13 - https:\/\/yoast.com\/wordpress\/plugins\/seo\/ -->\n<title>Quem sou - Um luxo de viagem!<\/title>\n<meta name=\"description\" content=\"Marcia Santos\" \/>\n<meta name=\"robots\" content=\"index, follow, max-snippet:-1, max-image-preview:large, max-video-preview:-1\" \/>\n<link rel=\"canonical\" href=\"https:\/\/umluxodeviagem.com.br\/?page_id=24\" \/>\n<meta property=\"og:locale\" content=\"pt_BR\" \/>\n<meta property=\"og:type\" content=\"article\" \/>\n<meta property=\"og:title\" content=\"Quem sou - Um luxo de viagem!\" \/>\n<meta property=\"og:description\" content=\"Marcia Santos\" \/>\n<meta property=\"og:url\" content=\"https:\/\/umluxodeviagem.com.br\/?page_id=24\" \/>\n<meta property=\"og:site_name\" content=\"Um luxo de viagem!\" \/>\n<meta property=\"article:publisher\" content=\"https:\/\/www.facebook.com\/Um-luxo-de-viagem-1382513402055793\/\" \/>\n<meta property=\"article:modified_time\" content=\"2022-02-14T18:46:26+00:00\" \/>\n<meta property=\"og:image\" content=\"https:\/\/umluxodeviagem.com.br\/wp-content\/uploads\/2020\/01\/cropped-agenciadeviagens.jpg\" \/>\n\t<meta property=\"og:image:width\" content=\"2000\" \/>\n\t<meta property=\"og:image:height\" content=\"1199\" \/>\n\t<meta property=\"og:image:type\" content=\"image\/jpeg\" \/>\n<meta name=\"twitter:label1\" content=\"Est. tempo de leitura\" \/>\n\t<meta name=\"twitter:data1\" content=\"1 minuto\" \/>\n<script type=\"application\/ld+json\" class=\"yoast-schema-graph\">{\"@context\":\"https:\/\/schema.org\",\"@graph\":[{\"@type\":\"WebPage\",\"@id\":\"https:\/\/umluxodeviagem.com.br\/?page_id=24\",\"url\":\"https:\/\/umluxodeviagem.com.br\/?page_id=24\",\"name\":\"Quem sou - Um luxo de viagem!\",\"isPartOf\":{\"@id\":\"https:\/\/umluxodeviagem.com.br\/#website\"},\"datePublished\":\"2015-04-19T00:22:47+00:00\",\"dateModified\":\"2022-02-14T18:46:26+00:00\",\"description\":\"Marcia Santos\",\"breadcrumb\":{\"@id\":\"https:\/\/umluxodeviagem.com.br\/?page_id=24#breadcrumb\"},\"inLanguage\":\"pt-BR\",\"potentialAction\":[{\"@type\":\"ReadAction\",\"target\":[\"https:\/\/umluxodeviagem.com.br\/?page_id=24\"]}]},{\"@type\":\"BreadcrumbList\",\"@id\":\"https:\/\/umluxodeviagem.com.br\/?page_id=24#breadcrumb\",\"itemListElement\":[{\"@type\":\"ListItem\",\"position\":1,\"name\":\"In\u00edcio\",\"item\":\"https:\/\/umluxodeviagem.com.br\/\"},{\"@type\":\"ListItem\",\"position\":2,\"name\":\"Quem sou\"}]},{\"@type\":\"WebSite\",\"@id\":\"https:\/\/umluxodeviagem.com.br\/#website\",\"url\":\"https:\/\/umluxodeviagem.com.br\/\",\"name\":\"Um luxo de viagem\",\"description\":\"A melhor viagem \u00e9 sempre aquela que te transforma\",\"publisher\":{\"@id\":\"https:\/\/umluxodeviagem.com.br\/#organization\"},\"potentialAction\":[{\"@type\":\"SearchAction\",\"target\":{\"@type\":\"EntryPoint\",\"urlTemplate\":\"https:\/\/umluxodeviagem.com.br\/?s={search_term_string}\"},\"query-input\":\"required name=search_term_string\"}],\"inLanguage\":\"pt-BR\"},{\"@type\":\"Organization\",\"@id\":\"https:\/\/umluxodeviagem.com.br\/#organization\",\"name\":\"Um Luxo de Viagem\",\"url\":\"https:\/\/umluxodeviagem.com.br\/\",\"logo\":{\"@type\":\"ImageObject\",\"inLanguage\":\"pt-BR\",\"@id\":\"https:\/\/umluxodeviagem.com.br\/#\/schema\/logo\/image\/\",\"url\":\"\",\"contentUrl\":\"\",\"caption\":\"Um Luxo de Viagem\"},\"image\":{\"@id\":\"https:\/\/umluxodeviagem.com.br\/#\/schema\/logo\/image\/\"},\"sameAs\":[\"http:\/\/instagram.com\/umluxodeviagemsempre\",\"https:\/\/www.facebook.com\/Um-luxo-de-viagem-1382513402055793\/\"]}]}<\/script>\n<!-- \/ Yoast SEO plugin. -->","yoast_head_json":{"title":"Quem sou - Um luxo de viagem!","description":"Marcia Santos","robots":{"index":"index","follow":"follow","max-snippet":"max-snippet:-1","max-image-preview":"max-image-preview:large","max-video-preview":"max-video-preview:-1"},"canonical":"https:\/\/umluxodeviagem.com.br\/?page_id=24","og_locale":"pt_BR","og_type":"article","og_title":"Quem sou - Um luxo de viagem!","og_description":"Marcia Santos","og_url":"https:\/\/umluxodeviagem.com.br\/?page_id=24","og_site_name":"Um luxo de viagem!","article_publisher":"https:\/\/www.facebook.com\/Um-luxo-de-viagem-1382513402055793\/","article_modified_time":"2022-02-14T18:46:26+00:00","og_image":[{"width":2000,"height":1199,"url":"https:\/\/umluxodeviagem.com.br\/wp-content\/uploads\/2020\/01\/cropped-agenciadeviagens.jpg","type":"image\/jpeg"}],"twitter_misc":{"Est. tempo de leitura":"1 minuto"},"schema":{"@context":"https:\/\/schema.org","@graph":[{"@type":"WebPage","@id":"https:\/\/umluxodeviagem.com.br\/?page_id=24","url":"https:\/\/umluxodeviagem.com.br\/?page_id=24","name":"Quem sou - Um luxo de viagem!","isPartOf":{"@id":"https:\/\/umluxodeviagem.com.br\/#website"},"datePublished":"2015-04-19T00:22:47+00:00","dateModified":"2022-02-14T18:46:26+00:00","description":"Marcia Santos","breadcrumb":{"@id":"https:\/\/umluxodeviagem.com.br\/?page_id=24#breadcrumb"},"inLanguage":"pt-BR","potentialAction":[{"@type":"ReadAction","target":["https:\/\/umluxodeviagem.com.br\/?page_id=24"]}]},{"@type":"BreadcrumbList","@id":"https:\/\/umluxodeviagem.com.br\/?page_id=24#breadcrumb","itemListElement":[{"@type":"ListItem","position":1,"name":"In\u00edcio","item":"https:\/\/umluxodeviagem.com.br\/"},{"@type":"ListItem","position":2,"name":"Quem sou"}]},{"@type":"WebSite","@id":"https:\/\/umluxodeviagem.com.br\/#website","url":"https:\/\/umluxodeviagem.com.br\/","name":"Um luxo de viagem","description":"A melhor viagem \u00e9 sempre aquela que te transforma","publisher":{"@id":"https:\/\/umluxodeviagem.com.br\/#organization"},"potentialAction":[{"@type":"SearchAction","target":{"@type":"EntryPoint","urlTemplate":"https:\/\/umluxodeviagem.com.br\/?s={search_term_string}"},"query-input":"required name=search_term_string"}],"inLanguage":"pt-BR"},{"@type":"Organization","@id":"https:\/\/umluxodeviagem.com.br\/#organization","name":"Um Luxo de Viagem","url":"https:\/\/umluxodeviagem.com.br\/","logo":{"@type":"ImageObject","inLanguage":"pt-BR","@id":"https:\/\/umluxodeviagem.com.br\/#\/schema\/logo\/image\/","url":"","contentUrl":"","caption":"Um Luxo de Viagem"},"image":{"@id":"https:\/\/umluxodeviagem.com.br\/#\/schema\/logo\/image\/"},"sameAs":["http:\/\/instagram.com\/umluxodeviagemsempre","https:\/\/www.facebook.com\/Um-luxo-de-viagem-1382513402055793\/"]}]}},"_links":{"self":[{"href":"https:\/\/umluxodeviagem.com.br\/index.php?rest_route=\/wp\/v2\/pages\/24"}],"collection":[{"href":"https:\/\/umluxodeviagem.com.br\/index.php?rest_route=\/wp\/v2\/pages"}],"about":[{"href":"https:\/\/umluxodeviagem.com.br\/index.php?rest_route=\/wp\/v2\/types\/page"}],"author":[{"embeddable":true,"href":"https:\/\/umluxodeviagem.com.br\/index.php?rest_route=\/wp\/v2\/users\/1"}],"replies":[{"embeddable":true,"href":"https:\/\/umluxodeviagem.com.br\/index.php?rest_route=%2Fwp%2Fv2%2Fcomments&post=24"}],"version-history":[{"count":25,"href":"https:\/\/umluxodeviagem.com.br\/index.php?rest_route=\/wp\/v2\/pages\/24\/revisions"}],"predecessor-version":[{"id":12521,"href":"https:\/\/umluxodeviagem.com.br\/index.php?rest_route=\/wp\/v2\/pages\/24\/revisions\/12521"}],"wp:featuredmedia":[{"embeddable":true,"href":"https:\/\/umluxodeviagem.com.br\/index.php?rest_route=\/wp\/v2\/media\/899"}],"wp:attachment":[{"href":"https:\/\/umluxodeviagem.com.br\/index.php?rest_route=%2Fwp%2Fv2%2Fmedia&parent=24"}],"curies":[{"name":"wp","href":"https:\/\/api.w.org\/{rel}","templated":true}]}}